he highest common factor of 62 and y.
31
Let u be (-12)/(-10)*(-30)/(-12). What is the highest common divisor of 9 and u?
3
Let h be (112/(-3))/8*-36. Calculate the greatest common divisor of 48 and h.
24
Let w = 5 - 1. Suppose -3*l = 5*a - 102, -w*a = -4*l - 127 + 39. Calculate the greatest common divisor of 189 and a.
21
Let s = -43 + 57. Calculate the greatest common factor of 2 and s.
2
Suppose 0 = -7*g + 12*g + 5*o - 50, g + 4*o - 4 = 0. Let w be (-34)/(-3) + 4/6. What is the greatest common divisor of g and w?
12
Suppose -2*p = -7 - 223. Let n(w) = -2*w - 2. Let m be n(-2). Let l(b) = 3*b**3 - 2*b + 3. Let z be l(m). Calculate the highest common factor of p and z.
23
Let x = 76 - 155. Let q = x - -111. Suppose 3*l = 18 + 6. What is the highest common factor of l and q?
8
Let u = 5 - 8. Let l(y) = -3*y - 4. Let m be l(u). Suppose m*j - 30 - 60 = 0. What is the greatest common factor of j and 144?
18
Let t(a) = a**2 + 2*a - 3. Let y be t(-4). Suppose -25 - 205 = -5*r - y*o, -5*r = -3*o - 262. Calculate the greatest common divisor of r and 20.
10
Suppose -2*j + 3*l + 369 = 0, -5*j + 4*l + 930 = -l. Suppose 10*c - 105 = 5*c. What is the greatest common factor of j and c?
21
Let d(n) = -2*n - 4. Let x be d(-4). Calculate the greatest common divisor of 6 and x.
2
Let g(i) = -30*i + 2. Let w be g(-1). What is the greatest common divisor of 8 and w?
8
Suppose 4 = -b, -4*z + 6*z + 2*b = 12. Let t(c) = 2*c + c**2 + 3*c - 2*c. Let i be t(7). What is the greatest common divisor of i and z?
10
Let y = 7 + -10. Let a(f) = -13*f + 1. Let o be a(y). Suppose 7 = 4*w - 25. What is the greatest common factor of o and w?
8
Let w = 166 + -118. Suppose w = 3*q - 2*q - 3*y, -y + 68 = q. What is the greatest common divisor of 9 and q?
9
Let c = 28 - 26. Calculate the greatest common divisor of c and 2.
2
Let i = -3 + 15. Suppose i = 3*u, -3*o - 4*u + 40 = -0*u. Let h be (-20)/(-6)*36/o. What is the greatest common divisor of 135 and h?
15
Suppose 133 = 4*q - 263. Calculate the greatest common factor of 11 and q.
11
Let i = -19 - -6. Let h(j) = -4*j**2 + 3*j + 1. Let t be h(-2). Let a = i - t. What is the greatest common divisor of 40 and a?
8
Let t be ((-9)/6)/(1/(-8)). Let y be ((-96)/10)/((-12)/120). What is the greatest common divisor of y and t?
12
Let l(p) = 3*p**2 - 5*p - 3. Let g be l(6). What is the greatest common factor of 30 and g?
15
Let r(l) = l**2 + 11*l + 1. Let o be r(-10). Let g = o + 13. Calculate the highest common divisor of g and 36.
4
Let q be (-4)/(-22) - 72059/(-253). Calculate the greatest common factor of q and 57.
57
Let m be ((-5)/(-5))/((-2)/22). Let t = 69 - m. Suppose 5*n - t = 10. What is the highest common factor of n and 72?
18
Let q be 1*(-3)/1*(-3 + -2). What is the highest common divisor of 5 and q?
5
Suppose -2*i + 3*c = -41, 3*i + c - 29 = -c. Suppose 2*k - 29 = -0*o - o, 0 = 3*o + k - 112. What is the highest common factor of o and i?
13
Suppose -644 = 2*i - 25*i. What is the greatest common divisor of 252 and i?
28
Let d(t) = -2*t + 1. Let y be d(-1). Suppose -3*n - k = -n - 143, k = y. What is the highest common factor of n and 28?
14
Let m = 300 + -50. Suppose 5*j + m - 643 = -d, 3*j - 4*d = 222. Let c be (-1)/(j/(-75) + 1). Calculate the greatest common divisor of c and 5.
5
Let f be (-35 - -2)/(-3) + 2. Suppose 0 = -5*d - 3*k + 325, 4*k = -3*d + k + 195. Calculate the greatest common divisor of d and f.
13
Suppose 5*h = 2*j + 6*h - 93, 0 = 5*j - 4*h - 200. What is the highest common divisor of j and 4?
4
Suppose 4*z - 70 = -2*h, 5*h + z - 215 = -40. Calculate the greatest common factor of 7 and h.
7
Suppose -74 = -3*t + 3*p - 23, -1 = p. Calculate the highest common divisor of t and 16.
16
Let h(k) = k**3 + 4*k**2 - 4*k + 4. Let i be h(-4). Let r be (9 - 14)*(-12)/2. Calculate the greatest common factor of r and i.
10
Suppose 0 = c + 4 - 0. Let i = c + 13. What is the greatest common divisor of 81 and i?
9
Suppose 0*c + c - 2 = -s, -13 = -5*c - 4*s. Suppose 0 = -0*o + 3*o. Suppose 0 = -j + 1 - o, 5*l = -j + 11. What is the highest common divisor of l and c?
1
Suppose 0 = 2*p - 2*y - 2*y - 48, 90 = 4*p - 5*y. Let m be ((-5)/3)/(3/(-36)). What is the greatest common factor of p and m?
20
Suppose -5*o = -k - 37 - 355, 2*k - 230 = -3*o. Suppose 5*i - 10 = 0, -3*l + i + 86 = 5*i. Calculate the highest common factor of l and o.
26
Let z = -12 + 15. Suppose j + 41 = z*k - 0*k, 2*k - j = 29. Calculate the highest common factor of 4 and k.
4
Let b be 22/(-6)*(-2 + (-24 - -5)). Calculate the highest common factor of b and 14.
7
Suppose 3*j = 4*a + 12, 2*j + 12 = 4*a + 5*j. Let z be -1 + a - (-15 + 2). Calculate the greatest common factor of 36 and z.
12
Let m(l) = -l**3 + 10*l**2 - 13*l + 12. Let k be m(8). Calculate the greatest common divisor of k and 90.
18
Let a be -2 - (1 + -2 + -13). Let z be 24/5*(-135)/(-6). What is the highest common factor of a and z?
12
Let x = -346 + 882. Let q = x + -338. Calculate the greatest common divisor of q and 22.
22
Suppose -2*m = 32 - 120. Let w be (-2)/(-5) + (-138)/(-30). Suppose -w*n + 5*a = -45, -4*n - a = a - 6. Calculate the greatest common factor of m and n.
4
Let v(u) = -2*u - 9. Let d be v(-22). Calculate the highest common divisor of d and 5.
5
Let s(t) = -t**3 - 3*t**2 + 6*t. Let h be s(-5). Suppose 213 = x - 3*x + a, 10 = 2*a. Let u = -54 - x. What is the greatest common divisor of u and h?
10
Let u = 24 - 23. What is the greatest common divisor of u and 7?
1
Suppose y = 5*t - 15, 3*t = -t + 4*y + 28. Calculate the greatest common divisor of t and 14.
2
Let m(s) = -14*s. Let q be m(-1). What is the greatest common divisor of 126 and q?
14
Let h = -596 + 885. Calculate the greatest common divisor of h and 17.
17
Suppose 6*w - 2*w - 48 = 0. Let n(g) = 7*g - 5*g + 0*g. Let q be n(2). What is the highest common divisor of q and w?
4
Suppose 3*l - 37 = -3*c - 2*c, -4*l - 2*c + 26 = 0. Suppose z + l*z + 25 = 0. Let d = z - -6. Calculate the greatest common divisor of 8 and d.
1
Let n = -494 + 254. Let u be ((-12)/(-5))/((-4)/n). Suppose 3*r - 2 = 46. What is the highest common factor of u and r?
16
Let t(m) = -29*m. Let v be t(1). Let s(x) = 7*x + 2. Let c be s(-6). Let h = v - c. What is the highest common factor of h and 11?
11
Let z be -2*(-1)/(-8) - 621/(-36). Calculate the highest common divisor of 17 and z.
17
Let h = 206 - 116. What is the greatest common divisor of h and 9?
9
Let a be 3/(-24) + 289/8. Calculate the highest common factor of 54 and a.
18
Suppose 36 = n - l, n + 2*l = 13 + 32. What is the greatest common divisor of 13 and n?
13
Let o(n) = -57*n**3 - n**2 + n + 1. Suppose -2*w + 1 - 3 = 0. Let p be o(w). What is the highest common factor of 8 and p?
8
Let h be 3/9 + (728/12 - 1). Calculate the greatest common factor of 24 and h.
12
Let b = -15 + 21. Let i be (b - 5) + 12*1. Calculate the highest common factor of 13 and i.
13
Let n = 220 + -125. Suppose n = 4*i + i. Calculate the greatest common divisor of 19 and i.
19
Let k(a) = a**3 + 8*a**2 - 2*a - 8. Let c be k(-7). Suppose -3*l + 4*r = -r - 76, -2*l + c = r. What is the greatest common factor of 18 and l?
9
Let n be (2/(-2))/(2/(-4)). Let u be (4/n)/((-2)/(-6)). Let d = -114 + 168. What is the highest common divisor of u and d?
6
Suppose 3*p - 960 = -p. Calculate the highest common factor of 48 and p.
48
Suppose -2*y - 3*y + 4*h = -1138, -4*y = 5*h - 894. Let i = 322 - y. What is the greatest common factor of i and 12?
12
Let j = -4 - -12. Calculate the greatest common factor of 16 and j.
8
Suppose -11*n - 8*n = -1216. What is the greatest common divisor of n and 16?
16
Let d(g) = 65*g - 5. Let c be d(5). What is the highest common factor of c and 40?
40
Let r = -63 + 73. Calculate the highest common factor of 80 and r.
10
Suppose -3*m + 2*m = -1. Let j = m + 5. What is the highest common divisor of 6 and j?
6
Let t(m) = 121*m. Let s be t(1). Calculate the greatest common divisor of 11 and s.
11
Let m(l) = -l**2 + 13*l + 18. Let d be m(9). Calculate the greatest common divisor of d and 18.
18
Let h be (-14)/14*(-14 + -1). What is the greatest common factor of h and 15?
15
Let b(k) = -2*k + 2. Let t be b(-2). What is the greatest common divisor of 66 and t?
6
Let i = -2 + 12. Let k(o) = -4*o**3 - 2*o**2